{"id":11909,"date":"2026-01-03T09:57:59","date_gmt":"2026-01-03T08:57:59","guid":{"rendered":"https:\/\/oponyexpert.shop\/xef5\/produkt\/2x-superia-ecoblue-2-4s-255-35r18-94-w\/"},"modified":"2026-01-03T09:58:00","modified_gmt":"2026-01-03T08:58:00","slug":"2x-superia-ecoblue-2-4s-255-35r18-94-w","status":"publish","type":"product","link":"https:\/\/oponaro.shop\/tire\/produkt\/2x-superia-ecoblue-2-4s-255-35r18-94-w\/","title":{"rendered":"2x SUPERIA ECOBLUE 2 4S 255\/35R18 94 W"},"content":{"rendered":"<div style=\"font-family: Arial, sans-serif; line-height: 1.6; color: #333; padding: 20px; clear: both; display: block; width: 100%; float: none; position: static; overflow: hidden;\">\n<div style=\"clear: both; display: block; margin: 10px 0;\">\n<div style=\"clear: both; display: block; margin: 10px 0;\">\n<div style=\"clear: both; display: block; margin: 10px 0;\">\n<h2>2x SUPERIA ECOBLUE 2 4S 255\/35R18 94 W<\/h2>\n<\/div>\n<\/div>\n<\/div>\n<div style=\"clear: both; display: block; margin: 10px 0;\">\n<div style=\"clear: both; display: block; margin: 10px 0;\">\n<div style=\"clear: both; display: block; margin: 10px 0;\">\n<div  style=\"max-width:920px;max-height:1120px\">\n<div style=\"clear: both; display: block; margin: 10px 0;\">\n<div style=\"clear: both; width: 100%; display: block; margin: 20px 0; padding: 0; float: none; position: static; text-align: center;\"><img decoding=\"async\"  src=\"https:\/\/a.allegroimg.com\/original\/115485\/997add8b42be921057992d65f1f6\/2x-SUPERIA-ECOBLUE-2-4S-255-35R18-94-W\" srcset=\"https:\/\/a.allegroimg.com\/original\/115485\/997add8b42be921057992d65f1f6\/2x-SUPERIA-ECOBLUE-2-4S-255-35R18-94-W 295w,https:\/\/a.allegroimg.com\/original\/115485\/997add8b42be921057992d65f1f6\/2x-SUPERIA-ECOBLUE-2-4S-255-35R18-94-W 591w,https:\/\/a.allegroimg.com\/original\/115485\/997add8b42be921057992d65f1f6\/2x-SUPERIA-ECOBLUE-2-4S-255-35R18-94-W 841w,https:\/\/a.allegroimg.com\/original\/115485\/997add8b42be921057992d65f1f6\/2x-SUPERIA-ECOBLUE-2-4S-255-35R18-94-W 920w,https:\/\/a.allegroimg.com\/original\/115485\/997add8b42be921057992d65f1f6\/2x-SUPERIA-ECOBLUE-2-4S-255-35R18-94-W 920w\" sizes=\"(min-width: 1200px) 560px, (min-width: 992px) 50vw, 100vw\" width=\"920px\" alt=\"2x SUPERIA ECOBLUE 2 4S 255\/35R18 94 W\"\/ style=\"max-width: 100%; height: auto; display: block; margin: 0 auto;\"><\/div>\n<\/div>\n<\/div>\n<\/div>\n<\/div>\n<div style=\"clear: both; display: block; margin: 10px 0;\">\n<div style=\"clear: both; display: block; margin: 10px 0;\">\n<h2>Ca\u0142oroczne opony SUPERIA ECOBLUE 2 4S 255\/35 R18 94 W<\/h2>\n<p style=\"margin: 15px 0; line-height: 1.8; clear: both; display: block; width: 100%; float: none; position: static;\">Opony SUPERIA ECOBLUE 2 4S to znacz\u0105cy model w portfolio producenta.\u00a0<\/p>\n<p style=\"margin: 15px 0; line-height: 1.8; clear: both; display: block; width: 100%; float: none; position: static;\"> Opony klasy ekonomicznej maj\u0105 \u015bwietny stosunek jako\u015bci do ceny.<\/p>\n<ul style=\"margin: 15px 0; padding-left: 20px; clear: both; display: block; width: 100%; float: none; position: static;\">\n<li style=\"margin: 5px 0; padding: 2px 0; clear: both; display: list-item; float: none; position: static;\"><b>Stan:<\/b>\u00a0Nowy<\/li>\n<li style=\"margin: 5px 0; padding: 2px 0; clear: both; display: list-item; float: none; position: static;\"><b>EAN:<\/b>\u00a05420068688852<\/li>\n<li style=\"margin: 5px 0; padding: 2px 0; clear: both; display: list-item; float: none; position: static;\"><b>Producent:<\/b> SUPERIA<\/li>\n<li style=\"margin: 5px 0; padding: 2px 0; clear: both; display: list-item; float: none; position: static;\"><b>Model:<\/b> ECOBLUE 2 4S<\/li>\n<li style=\"margin: 5px 0; padding: 2px 0; clear: both; display: list-item; float: none; position: static;\"><b>Rozmiar:<\/b> 255\/35 R18<\/li>\n<li style=\"margin: 5px 0; padding: 2px 0; clear: both; display: list-item; float: none; position: static;\"><b>Indeks no\u015bno\u015bci:<\/b> 94<\/li>\n<li style=\"margin: 5px 0; padding: 2px 0; clear: both; display: list-item; float: none; position: static;\"><b>Indeks pr\u0119dko\u015bci:<\/b> W<\/li>\n<li style=\"margin: 5px 0; padding: 2px 0; clear: both; display: list-item; float: none; position: static;\"><b>Ha\u0142as db:<\/b>\u00a069<\/li>\n<li style=\"margin: 5px 0; padding: 2px 0; clear: both; display: list-item; float: none; position: static;\"><b>Sezon:<\/b> Ca\u0142oroczne<\/li>\n<li style=\"margin: 5px 0; padding: 2px 0; clear: both; display: list-item; float: none; position: static;\"><b>Rok produkcji:<\/b> nie starsze ni\u017c 36 miesi\u0119cy<\/li>\n<li style=\"margin: 5px 0; padding: 2px 0; clear: both; display: list-item; float: none; position: static;\"><b>Przeznaczenie:<\/b> Osobowe<\/li>\n<li style=\"margin: 5px 0; padding: 2px 0; clear: both; display: list-item; float: none; position: static;\"><b>Kl. przycz. na mokrej naw.:<\/b>\u00a0C<\/li>\n<li style=\"margin: 5px 0; padding: 2px 0; clear: both; display: list-item; float: none; position: static;\"><b>Kl. efekt. paliwowej:\u00a0<\/b>E<\/li>\n<\/ul>\n<\/div>\n<\/div>\n<\/div>\n<div style=\"clear: both; display: block; margin: 10px 0;\">\n<div style=\"clear: both; display: block; margin: 10px 0;\">\n<div style=\"clear: both; display: block; margin: 10px 0;\">\n<div  style=\"max-width:373px;max-height:135px\">\n<div style=\"clear: both; display: block; margin: 10px 0;\">\n<div style=\"clear: both; width: 100%; display: block; margin: 20px 0; padding: 0; float: none; position: static; text-align: center;\"><img decoding=\"async\"  src=\"https:\/\/a.allegroimg.com\/original\/11c765\/3ea3acda466aa782777b0fb07e5b\/2x-SUPERIA-ECOBLUE-2-4S-255-35R18-94-W-Liczba-opon-w-ofercie-2-szt\" srcset=\"https:\/\/a.allegroimg.com\/original\/11c765\/3ea3acda466aa782777b0fb07e5b\/2x-SUPERIA-ECOBLUE-2-4S-255-35R18-94-W-Liczba-opon-w-ofercie-2-szt 360w,https:\/\/a.allegroimg.com\/original\/11c765\/3ea3acda466aa782777b0fb07e5b\/2x-SUPERIA-ECOBLUE-2-4S-255-35R18-94-W-Liczba-opon-w-ofercie-2-szt 373w,https:\/\/a.allegroimg.com\/original\/11c765\/3ea3acda466aa782777b0fb07e5b\/2x-SUPERIA-ECOBLUE-2-4S-255-35R18-94-W-Liczba-opon-w-ofercie-2-szt 373w\" sizes=\"100vw\" width=\"373px\" alt=\"2x SUPERIA ECOBLUE 2 4S 255\/35R18 94 W Liczba opon w ofercie 2 szt.\"\/ style=\"max-width: 100%; height: auto; display: block; margin: 0 auto;\"><\/div>\n<\/div>\n<\/div>\n<\/div>\n<\/div>\n<\/div>\n<div style=\"clear: both; display: block; margin: 10px 0;\">\n<div style=\"clear: both; display: block; margin: 10px 0;\">\n<div style=\"clear: both; display: block; margin: 10px 0;\">\n<p style=\"margin: 15px 0; line-height: 1.8; clear: both; display: block; width: 100%; float: none; position: static;\">Marka opon SUPERIA to producent opon samochodowych, kt\u00f3ry oferuje r\u00f3\u017cne rodzaje opon, w tym letnie, zimowe i ca\u0142oroczne, dostosowane do r\u00f3\u017cnych rodzaj\u00f3w pojazd\u00f3w. Firma s\u0142ynie z konkurencyjnych cen swoich produkt\u00f3w, co przyci\u0105ga klient\u00f3w poszukuj\u0105cych przyst\u0119pnych cen opon.<\/p>\n<p style=\"margin: 15px 0; line-height: 1.8; clear: both; display: block; width: 100%; float: none; position: static;\">Opony SUPERIA wyr\u00f3\u017cniaj\u0105 si\u0119 trwa\u0142o\u015bci\u0105 i przyczepno\u015bci\u0105, co przek\u0142ada si\u0119 na bezpieczn\u0105 i komfortow\u0105 jazd\u0119. Firma ta stawia na innowacje technologiczne, wprowadzaj\u0105c zaawansowane rozwi\u0105zania w projektach opon, kt\u00f3re poprawiaj\u0105 osi\u0105gi i efektywno\u015b\u0107 paliwa.<\/p>\n<p style=\"margin: 15px 0; line-height: 1.8; clear: both; display: block; width: 100%; float: none; position: static;\">SUPERIA to marka, kt\u00f3ra zdoby\u0142a uznanie klient\u00f3w jako dostawca opon samochodowych, oferuj\u0105cy produkty o konkurencyjnych cenach i solidnej jako\u015bci.<\/p>\n<\/div>\n<\/div>\n<\/div>\n<div style=\"clear: both; display: block; margin: 10px 0;\">\n<div style=\"clear: both; display: block; margin: 10px 0;\">\n<div style=\"clear: both; display: block; margin: 10px 0;\">\n<div  style=\"max-width:1200px;max-height:1758px\">\n<div style=\"clear: both; display: block; margin: 10px 0;\">\n<div style=\"clear: both; width: 100%; display: block; margin: 20px 0; padding: 0; float: none; position: static; text-align: center;\"><img decoding=\"async\"  src=\"https:\/\/a.allegroimg.com\/original\/111157\/8c297e2442c0bdc0b14601780bed\/2x-SUPERIA-ECOBLUE-2-4S-255-35R18-94-W-Marka-Superia\" srcset=\"https:\/\/a.allegroimg.com\/original\/111157\/8c297e2442c0bdc0b14601780bed\/2x-SUPERIA-ECOBLUE-2-4S-255-35R18-94-W-Marka-Superia 245w,https:\/\/a.allegroimg.com\/original\/111157\/8c297e2442c0bdc0b14601780bed\/2x-SUPERIA-ECOBLUE-2-4S-255-35R18-94-W-Marka-Superia 491w,https:\/\/a.allegroimg.com\/original\/111157\/8c297e2442c0bdc0b14601780bed\/2x-SUPERIA-ECOBLUE-2-4S-255-35R18-94-W-Marka-Superia 698w,https:\/\/a.allegroimg.com\/original\/111157\/8c297e2442c0bdc0b14601780bed\/2x-SUPERIA-ECOBLUE-2-4S-255-35R18-94-W-Marka-Superia 982w,https:\/\/a.allegroimg.com\/original\/111157\/8c297e2442c0bdc0b14601780bed\/2x-SUPERIA-ECOBLUE-2-4S-255-35R18-94-W-Marka-Superia 1200w\" sizes=\"(min-width: 1200px) 560px, (min-width: 992px) 50vw, 100vw\" width=\"1200px\" alt=\"2x SUPERIA ECOBLUE 2 4S 255\/35R18 94 W Marka Superia\"\/ style=\"max-width: 100%; height: auto; display: block; margin: 0 auto;\"><\/div>\n<\/div>\n<\/div>\n<\/div>\n<\/div>\n<div style=\"clear: both; display: block; margin: 10px 0;\">\n<div style=\"clear: both; display: block; margin: 10px 0;\">\n<p style=\"margin: 15px 0; line-height: 1.8; clear: both; display: block; width: 100%; float: none; position: static;\">Dlaczego warto kupowa\u0107 u Nas ?<\/p>\n<p style=\"margin: 15px 0; line-height: 1.8; clear: both; display: block; width: 100%; float: none; position: static;\">Jeste\u015bmy firm\u0105, kt\u00f3ra na podstawie wieloletniego do\u015bwiadczenia z zaanga\u017cowaniem pomaga klientom w doborze oraz kupnie opon.<\/p>\n<p style=\"margin: 15px 0; line-height: 1.8; clear: both; display: block; width: 100%; float: none; position: static;\">Posiadamy szerok\u0105 game opon do aut osobowych, dostawczych, cie\u017carowych, motocyki jak i opon przemys\u0142owych.<\/p>\n<p style=\"margin: 15px 0; line-height: 1.8; clear: both; display: block; width: 100%; float: none; position: static;\">Gwarancja satysfakcjii oraz bezpiecznie przejechanych kilometr\u00f3w.<\/p>\n<p style=\"margin: 15px 0; line-height: 1.8; clear: both; display: block; width: 100%; float: none; position: static;\">Zosta\u0144 naszym kolejnym zadowolonym klientem.<\/p>\n<p style=\"margin: 15px 0; line-height: 1.8; clear: both; display: block; width: 100%; float: none; position: static;\">ZAPRASZAMY DO ZAKUP\u00d3W.<\/p>\n<\/div>\n<\/div>\n<\/div>\n<\/div>\n<\/div>\n<\/div>\n<div style=\"clear: both; display: block; margin: 10px 0;\">\n","protected":false},"excerpt":{"rendered":"<p>2x SUPERIA ECOBLUE 2 4S 255\/35R18 94 W<\/p>\n<p>Ca\u0142oroczne opony SUPERIA ECOBLUE 2 4S 255\/35 R18 94 W<\/p>\n<p>Opony SUPERIA ECOBLUE 2 4S to znacz\u0105cy model w portfolio producenta.\u00a0<\/p>\n<p>Opony klasy ekonomicznej maj\u0105 \u015bwietny stosunek jako\u015bci do ceny.<\/p>\n<p>Stan:\u00a0Nowy<\/p>\n<p>EAN:\u00a05420068688852<\/p>\n<p>Producent: SUPERIA<\/p>\n<p>Model: ECOBLUE 2 4S<\/p>\n","protected":false},"featured_media":11910,"template":"","meta":{"_uag_custom_page_level_css":""},"product_brand":[469],"product_cat":[416,414,413,412],"product_tag":[],"class_list":{"0":"post-11909","1":"product","2":"type-product","3":"status-publish","4":"has-post-thumbnail","6":"product_brand-superia","7":"product_cat-caloroczne","8":"product_cat-do-samochodow-osobowych-i-suv","9":"product_cat-opony","10":"product_cat-opony-i-felgi","12":"first","13":"instock","14":"shipping-taxable","15":"purchasable","16":"product-type-simple"},"uagb_featured_image_src":{"full":["https:\/\/oponaro.shop\/tire\/wp-content\/uploads\/2026\/01\/allegro-image-11909.jpg",920,1120,false],"thumbnail":["https:\/\/oponaro.shop\/tire\/wp-content\/uploads\/2026\/01\/allegro-image-11909-150x150.jpg",150,150,true],"medium":["https:\/\/oponaro.shop\/tire\/wp-content\/uploads\/2026\/01\/allegro-image-11909-246x300.jpg",246,300,true],"medium_large":["https:\/\/oponaro.shop\/tire\/wp-content\/uploads\/2026\/01\/allegro-image-11909-768x935.jpg",768,935,true],"large":["https:\/\/oponaro.shop\/tire\/wp-content\/uploads\/2026\/01\/allegro-image-11909-841x1024.jpg",841,1024,true],"1536x1536":["https:\/\/oponaro.shop\/tire\/wp-content\/uploads\/2026\/01\/allegro-image-11909.jpg",920,1120,false],"2048x2048":["https:\/\/oponaro.shop\/tire\/wp-content\/uploads\/2026\/01\/allegro-image-11909.jpg",920,1120,false],"woocommerce_thumbnail":["https:\/\/oponaro.shop\/tire\/wp-content\/uploads\/2026\/01\/allegro-image-11909-300x300.jpg",300,300,true],"woocommerce_single":["https:\/\/oponaro.shop\/tire\/wp-content\/uploads\/2026\/01\/allegro-image-11909-600x730.jpg",600,730,true],"woocommerce_gallery_thumbnail":["https:\/\/oponaro.shop\/tire\/wp-content\/uploads\/2026\/01\/allegro-image-11909-100x100.jpg",100,100,true]},"uagb_author_info":{"display_name":"admin","author_link":"https:\/\/oponaro.shop\/tire\/author\/"},"uagb_comment_info":0,"uagb_excerpt":"2x SUPERIA ECOBLUE 2 4S 255\/35R18 94 W Ca\u0142oroczne opony SUPERIA ECOBLUE 2 4S 255\/35 R18 94 W Opony SUPERIA ECOBLUE 2 4S to znacz\u0105cy model w portfolio producenta.\u00a0 Opony klasy ekonomicznej maj\u0105 \u015bwietny stosunek jako\u015bci do ceny. Stan:\u00a0Nowy EAN:\u00a05420068688852 Producent: SUPERIA Model: ECOBLUE 2 4S","_links":{"self":[{"href":"https:\/\/oponaro.shop\/tire\/wp-json\/wp\/v2\/product\/11909","targetHints":{"allow":["GET"]}}],"collection":[{"href":"https:\/\/oponaro.shop\/tire\/wp-json\/wp\/v2\/product"}],"about":[{"href":"https:\/\/oponaro.shop\/tire\/wp-json\/wp\/v2\/types\/product"}],"wp:featuredmedia":[{"embeddable":true,"href":"https:\/\/oponaro.shop\/tire\/wp-json\/wp\/v2\/media\/11910"}],"wp:attachment":[{"href":"https:\/\/oponaro.shop\/tire\/wp-json\/wp\/v2\/media?parent=11909"}],"wp:term":[{"taxonomy":"product_brand","embeddable":true,"href":"https:\/\/oponaro.shop\/tire\/wp-json\/wp\/v2\/product_brand?post=11909"},{"taxonomy":"product_cat","embeddable":true,"href":"https:\/\/oponaro.shop\/tire\/wp-json\/wp\/v2\/product_cat?post=11909"},{"taxonomy":"product_tag","embeddable":true,"href":"https:\/\/oponaro.shop\/tire\/wp-json\/wp\/v2\/product_tag?post=11909"}],"curies":[{"name":"wp","href":"https:\/\/api.w.org\/{rel}","templated":true}]}}