{"id":13382,"date":"2026-01-07T00:56:29","date_gmt":"2026-01-06T23:56:29","guid":{"rendered":"https:\/\/oponyprofi.shop\/xef5\/produkt\/2x-opony-caloroczne-235-55-r17-falken-euroall-season-as220pro-xl-103w-55r1\/"},"modified":"2026-01-07T00:56:29","modified_gmt":"2026-01-06T23:56:29","slug":"2x-opony-caloroczne-235-55-r17-falken-euroall-season-as220pro-xl-103w-55r1","status":"publish","type":"product","link":"https:\/\/oponaro.shop\/tire\/produkt\/2x-opony-caloroczne-235-55-r17-falken-euroall-season-as220pro-xl-103w-55r1\/","title":{"rendered":"2x Opony ca\u0142oroczne 235 55 R17 Falken Euroall season as220pro xl 103W 55R1"},"content":{"rendered":"<div style=\"font-family: Arial, sans-serif; line-height: 1.6; color: #333; padding: 20px; clear: both; display: block; width: 100%; float: none; position: static; overflow: hidden;\">\n<div style=\"clear: both; display: block; margin: 10px 0;\">\n<div style=\"clear: both; display: block; margin: 10px 0;\">\n<div style=\"clear: both; display: block; margin: 10px 0;\">\n<p style=\"margin: 15px 0; line-height: 1.8; clear: both; display: block; width: 100%; float: none; position: static;\">Opona Falken EuroAll Season AS220PRO 235\/55R17 103 W przyczepno\u015b\u0107 na \u015bniegu (3PMSF), wzmocnienie (XL)<\/p>\n<p style=\"margin: 15px 0; line-height: 1.8; clear: both; display: block; width: 100%; float: none; position: static;\">Cechy produktu:<\/p>\n<ul style=\"margin: 15px 0; padding-left: 20px; clear: both; display: block; width: 100%; float: none; position: static;\">\n<li style=\"margin: 5px 0; padding: 2px 0; clear: both; display: list-item; float: none; position: static;\">sezon: ca\u0142oroczne<\/li>\n<li style=\"margin: 5px 0; padding: 2px 0; clear: both; display: list-item; float: none; position: static;\">szeroko\u015b\u0107\/profil\/\u015brednica: 235\/55R17<\/li>\n<li style=\"margin: 5px 0; padding: 2px 0; clear: both; display: list-item; float: none; position: static;\">indeks no\u015bno\u015bci: 103 &#8211; 875 kg<\/li>\n<li style=\"margin: 5px 0; padding: 2px 0; clear: both; display: list-item; float: none; position: static;\">indeks pr\u0119dko\u015bci: W do 270 km\/h<\/li>\n<li style=\"margin: 5px 0; padding: 2px 0; clear: both; display: list-item; float: none; position: static;\">przyczepno\u015b\u0107 na \u015bniegu (3PMSF)<\/li>\n<li style=\"margin: 5px 0; padding: 2px 0; clear: both; display: list-item; float: none; position: static;\">wzmocnienie (XL)<\/li>\n<\/ul>\n<\/div>\n<\/div>\n<\/div>\n<div style=\"clear: both; display: block; margin: 10px 0;\">\n<div style=\"clear: both; display: block; margin: 10px 0;\">\n<div style=\"clear: both; display: block; margin: 10px 0;\">\n<div  style=\"max-width:500px;max-height:500px\">\n<div style=\"clear: both; display: block; margin: 10px 0;\">\n<div style=\"clear: both; width: 100%; display: block; margin: 20px 0; padding: 0; float: none; position: static; text-align: center;\"><img decoding=\"async\"  src=\"https:\/\/a.allegroimg.com\/original\/11dd55\/208e09984f619b5047d94cc94e1e\/2x-Opony-caloroczne-235-55-R17-Falken-Euroall-season-as220pro-xl-103W-55R1\" srcset=\"https:\/\/a.allegroimg.com\/original\/11dd55\/208e09984f619b5047d94cc94e1e\/2x-Opony-caloroczne-235-55-R17-Falken-Euroall-season-as220pro-xl-103W-55R1 360w,https:\/\/a.allegroimg.com\/original\/11dd55\/208e09984f619b5047d94cc94e1e\/2x-Opony-caloroczne-235-55-R17-Falken-Euroall-season-as220pro-xl-103W-55R1 500w,https:\/\/a.allegroimg.com\/original\/11dd55\/208e09984f619b5047d94cc94e1e\/2x-Opony-caloroczne-235-55-R17-Falken-Euroall-season-as220pro-xl-103W-55R1 500w\" sizes=\"100vw\" width=\"500px\" alt=\"2x Opony ca\u0142oroczne 235 55 R17 Falken Euroall season as220pro xl 103W 55R1\" style=\"max-width: 100%; height: auto; display: block; margin: 0 auto;\"><\/div>\n<\/div>\n<\/div>\n<\/div>\n<\/div>\n<\/div>\n<\/div>\n<\/div>\n<\/div>\n<div style=\"clear: both; display: block; margin: 10px 0;\">\n","protected":false},"excerpt":{"rendered":"<p>Opona Falken EuroAll Season AS220PRO 235\/55R17 103 W przyczepno\u015b\u0107 na \u015bniegu (3PMSF), wzmocnienie (XL)<\/p>\n<p>Cechy produktu:<\/p>\n<p>sezon: ca\u0142oroczne<\/p>\n<p>szeroko\u015b\u0107\/profil\/\u015brednica: 235\/55R17<\/p>\n<p>indeks no\u015bno\u015bci: 103 &#8211; 875 kg<\/p>\n<p>indeks pr\u0119dko\u015bci: W do 270 km\/h<\/p>\n<p>przyczepno\u015b\u0107 na \u015bniegu (3PMSF)<\/p>\n<p>wzmocnienie (XL)<\/p>\n","protected":false},"featured_media":13383,"template":"","meta":{"_uag_custom_page_level_css":""},"product_brand":[451],"product_cat":[416,414,413,412],"product_tag":[],"class_list":{"0":"post-13382","1":"product","2":"type-product","3":"status-publish","4":"has-post-thumbnail","6":"product_brand-falken","7":"product_cat-caloroczne","8":"product_cat-do-samochodow-osobowych-i-suv","9":"product_cat-opony","10":"product_cat-opony-i-felgi","12":"first","13":"instock","14":"shipping-taxable","15":"purchasable","16":"product-type-simple"},"uagb_featured_image_src":{"full":["https:\/\/oponaro.shop\/tire\/wp-content\/uploads\/2026\/01\/allegro-image-13382.jpg",500,500,false],"thumbnail":["https:\/\/oponaro.shop\/tire\/wp-content\/uploads\/2026\/01\/allegro-image-13382-150x150.jpg",150,150,true],"medium":["https:\/\/oponaro.shop\/tire\/wp-content\/uploads\/2026\/01\/allegro-image-13382-300x300.jpg",300,300,true],"medium_large":["https:\/\/oponaro.shop\/tire\/wp-content\/uploads\/2026\/01\/allegro-image-13382.jpg",500,500,false],"large":["https:\/\/oponaro.shop\/tire\/wp-content\/uploads\/2026\/01\/allegro-image-13382.jpg",500,500,false],"1536x1536":["https:\/\/oponaro.shop\/tire\/wp-content\/uploads\/2026\/01\/allegro-image-13382.jpg",500,500,false],"2048x2048":["https:\/\/oponaro.shop\/tire\/wp-content\/uploads\/2026\/01\/allegro-image-13382.jpg",500,500,false],"woocommerce_thumbnail":["https:\/\/oponaro.shop\/tire\/wp-content\/uploads\/2026\/01\/allegro-image-13382-300x300.jpg",300,300,true],"woocommerce_single":["https:\/\/oponaro.shop\/tire\/wp-content\/uploads\/2026\/01\/allegro-image-13382.jpg",500,500,false],"woocommerce_gallery_thumbnail":["https:\/\/oponaro.shop\/tire\/wp-content\/uploads\/2026\/01\/allegro-image-13382-100x100.jpg",100,100,true]},"uagb_author_info":{"display_name":"admin","author_link":"https:\/\/oponaro.shop\/tire\/author\/"},"uagb_comment_info":0,"uagb_excerpt":"Opona Falken EuroAll Season AS220PRO 235\/55R17 103 W przyczepno\u015b\u0107 na \u015bniegu (3PMSF), wzmocnienie (XL) Cechy produktu: sezon: ca\u0142oroczne szeroko\u015b\u0107\/profil\/\u015brednica: 235\/55R17 indeks no\u015bno\u015bci: 103 - 875 kg indeks pr\u0119dko\u015bci: W do 270 km\/h przyczepno\u015b\u0107 na \u015bniegu (3PMSF) wzmocnienie (XL)","_links":{"self":[{"href":"https:\/\/oponaro.shop\/tire\/wp-json\/wp\/v2\/product\/13382","targetHints":{"allow":["GET"]}}],"collection":[{"href":"https:\/\/oponaro.shop\/tire\/wp-json\/wp\/v2\/product"}],"about":[{"href":"https:\/\/oponaro.shop\/tire\/wp-json\/wp\/v2\/types\/product"}],"wp:featuredmedia":[{"embeddable":true,"href":"https:\/\/oponaro.shop\/tire\/wp-json\/wp\/v2\/media\/13383"}],"wp:attachment":[{"href":"https:\/\/oponaro.shop\/tire\/wp-json\/wp\/v2\/media?parent=13382"}],"wp:term":[{"taxonomy":"product_brand","embeddable":true,"href":"https:\/\/oponaro.shop\/tire\/wp-json\/wp\/v2\/product_brand?post=13382"},{"taxonomy":"product_cat","embeddable":true,"href":"https:\/\/oponaro.shop\/tire\/wp-json\/wp\/v2\/product_cat?post=13382"},{"taxonomy":"product_tag","embeddable":true,"href":"https:\/\/oponaro.shop\/tire\/wp-json\/wp\/v2\/product_tag?post=13382"}],"curies":[{"name":"wp","href":"https:\/\/api.w.org\/{rel}","templated":true}]}}

2x Opony całoroczne 235 55 R17 Falken Euroall season as220pro xl 103W 55R1

<div style="font-family: Arial, sans-serif; line-height: 1.6; color: #333; padding: 20px; clear: both; display: block; width: 100%; float: none; position: static; overflow: hidden;">
<div style="clear: both; display: block; margin: 10px 0;">
<div style="clear: both; display: block; margin: 10px 0;">
<div style="clear: both; display: block; margin: 10px 0;">
<p style="margin: 15px 0; line-height: 1.8; clear: both; display: block; width: 100%; float: none; position: static;">Opona Falken EuroAll Season AS220PRO 235/55R17 103 W przyczepność na śniegu (3PMSF), wzmocnienie (XL)</p>
<p style="margin: 15px 0; line-height: 1.8; clear: both; display: block; width: 100%; float: none; position: static;">Cechy produktu:</p>
<ul style="margin: 15px 0; padding-left: 20px; clear: both; display: block; width: 100%; float: none; position: static;">
<li style="margin: 5px 0; padding: 2px 0; clear: both; display: list-item; float: none; position: static;">sezon: całoroczne</li>
<li style="margin: 5px 0; padding: 2px 0; clear: both; display: list-item; float: none; position: static;">szerokość/profil/średnica: 235/55R17</li>
<li style="margin: 5px 0; padding: 2px 0; clear: both; display: list-item; float: none; position: static;">indeks nośności: 103 &#8211; 875 kg</li>
<li style="margin: 5px 0; padding: 2px 0; clear: both; display: list-item; float: none; position: static;">indeks prędkości: W do 270 km/h</li>
<li style="margin: 5px 0; padding: 2px 0; clear: both; display: list-item; float: none; position: static;">przyczepność na śniegu (3PMSF)</li>
<li style="margin: 5px 0; padding: 2px 0; clear: both; display: list-item; float: none; position: static;">wzmocnienie (XL)</li>
</ul>
</div>
</div>
</div>
<div style="clear: both; display: block; margin: 10px 0;">
<div style="clear: both; display: block; margin: 10px 0;">
<div style="clear: both; display: block; margin: 10px 0;">
<div  style="max-width:500px;max-height:500px">
<div style="clear: both; display: block; margin: 10px 0;">
<div style="clear: both; width: 100%; display: block; margin: 20px 0; padding: 0; float: none; position: static; text-align: center;"><img decoding="async"  src="https://a.allegroimg.com/original/11dd55/208e09984f619b5047d94cc94e1e/2x-Opony-caloroczne-235-55-R17-Falken-Euroall-season-as220pro-xl-103W-55R1" srcset="https://a.allegroimg.com/original/11dd55/208e09984f619b5047d94cc94e1e/2x-Opony-caloroczne-235-55-R17-Falken-Euroall-season-as220pro-xl-103W-55R1 360w,https://a.allegroimg.com/original/11dd55/208e09984f619b5047d94cc94e1e/2x-Opony-caloroczne-235-55-R17-Falken-Euroall-season-as220pro-xl-103W-55R1 500w,https://a.allegroimg.com/original/11dd55/208e09984f619b5047d94cc94e1e/2x-Opony-caloroczne-235-55-R17-Falken-Euroall-season-as220pro-xl-103W-55R1 500w" sizes="100vw" width="500px" alt="2x Opony całoroczne 235 55 R17 Falken Euroall season as220pro xl 103W 55R1" style="max-width: 100%; height: auto; display: block; margin: 0 auto;"></div>
</div>
</div>
</div>
</div>
</div>
</div>
</div>
</div>
<div style="clear: both; display: block; margin: 10px 0;">

<p>Opona Falken EuroAll Season AS220PRO 235/55R17 103 W przyczepność na śniegu (3PMSF), wzmocnienie (XL)</p>
<p>Cechy produktu:</p>
<p>sezon: całoroczne</p>
<p>szerokość/profil/średnica: 235/55R17</p>
<p>indeks nośności: 103 &#8211; 875 kg</p>
<p>indeks prędkości: W do 270 km/h</p>
<p>przyczepność na śniegu (3PMSF)</p>
<p>wzmocnienie (XL)</p>

Opona Falken EuroAll Season AS220PRO 235/55R17 103 W przyczepność na śniegu (3PMSF), wzmocnienie (XL) Cechy produktu: sezon: całoroczne szerokość/profil/średnica: 235/55R17 indeks nośności: 103 - 875 kg indeks prędkości: W do 270 km/h przyczepność na śniegu (3PMSF) wzmocnienie (XL)
