{"id":16101,"date":"2026-01-17T01:03:09","date_gmt":"2026-01-17T00:03:09","guid":{"rendered":"https:\/\/oponyonline.shop\/xef5\/produkt\/2x-sava-all-weather-195-50r15-82h\/"},"modified":"2026-01-17T01:03:10","modified_gmt":"2026-01-17T00:03:10","slug":"2x-sava-all-weather-195-50r15-82h","status":"publish","type":"product","link":"https:\/\/oponivo.shop\/tire\/produkt\/2x-sava-all-weather-195-50r15-82h\/","title":{"rendered":"2x Sava ALL WEATHER 195\/50R15 82H"},"content":{"rendered":"<div style=\"font-family: Arial, sans-serif; line-height: 1.6; color: #333; padding: 20px; clear: both; display: block; width: 100%; float: none; position: static; overflow: hidden;\">\n<div style=\"clear: both; display: block; margin: 10px 0;\">\n<div style=\"clear: both; display: block; margin: 10px 0;\">\n<div style=\"clear: both; display: block; margin: 10px 0;\">\n<h1>2x nowe opony caloroczne SAVA ALL WEATHER 195\/50R15 82H<\/h1>\n<p style=\"margin: 15px 0; line-height: 1.8; clear: both; display: block; width: 100%; float: none; position: static;\">Cechy produktu<\/p>\n<ul style=\"margin: 15px 0; padding-left: 20px; clear: both; display: block; width: 100%; float: none; position: static;\">\n<li style=\"margin: 5px 0; padding: 2px 0; clear: both; display: list-item; float: none; position: static;\">Marka: Sava<\/li>\n<li style=\"margin: 5px 0; padding: 2px 0; clear: both; display: list-item; float: none; position: static;\">Model: ALL WEATHER<\/li>\n<li style=\"margin: 5px 0; padding: 2px 0; clear: both; display: list-item; float: none; position: static;\">Szeroko\u015b\u0107\/profil\/\u015brednica: 195\/50R15<\/li>\n<li style=\"margin: 5px 0; padding: 2px 0; clear: both; display: list-item; float: none; position: static;\">Indeks no\u015bno\u015bci: do 82 (475 kg na opon\u0119)<\/li>\n<li style=\"margin: 5px 0; padding: 2px 0; clear: both; display: list-item; float: none; position: static;\">Indeks pr\u0119dko\u015bci: H (do 210 km\/h)<\/li>\n<li style=\"margin: 5px 0; padding: 2px 0; clear: both; display: list-item; float: none; position: static;\">Sezon: caloroczne<\/li>\n<li style=\"margin: 5px 0; padding: 2px 0; clear: both; display: list-item; float: none; position: static;\">Typ pojazdu: osobowy<\/li>\n<li style=\"margin: 5px 0; padding: 2px 0; clear: both; display: list-item; float: none; position: static;\">Klasa energetyczna: D<\/li>\n<li style=\"margin: 5px 0; padding: 2px 0; clear: both; display: list-item; float: none; position: static;\">Klasa przyczepno\u015bci: B<\/li>\n<li style=\"margin: 5px 0; padding: 2px 0; clear: both; display: list-item; float: none; position: static;\">Poziom ha\u0142asu: 71<\/li>\n<li style=\"margin: 5px 0; padding: 2px 0; clear: both; display: list-item; float: none; position: static;\">Klasa ha\u0142asu: B<\/li>\n<li style=\"margin: 5px 0; padding: 2px 0; clear: both; display: list-item; float: none; position: static;\">Rok produkcji: 2025<\/li>\n<\/ul>\n<\/div>\n<\/div>\n<div style=\"clear: both; display: block; margin: 10px 0;\">\n<div style=\"clear: both; display: block; margin: 10px 0;\">\n<div  style=\"max-width:459px;max-height:800px\">\n<div style=\"clear: both; display: block; margin: 10px 0;\">\n<div style=\"clear: both; width: 100%; display: block; margin: 20px 0; padding: 0; float: none; position: static; text-align: center;\"><img decoding=\"async\"  src=\"https:\/\/a.allegroimg.com\/original\/11b608\/23a4303d4d2498590db41ca3d4a7\/2x-Sava-ALL-WEATHER-195-50R15-82H\" srcset=\"https:\/\/a.allegroimg.com\/original\/11b608\/23a4303d4d2498590db41ca3d4a7\/2x-Sava-ALL-WEATHER-195-50R15-82H 206w,https:\/\/a.allegroimg.com\/original\/11b608\/23a4303d4d2498590db41ca3d4a7\/2x-Sava-ALL-WEATHER-195-50R15-82H 413w,https:\/\/a.allegroimg.com\/original\/11b608\/23a4303d4d2498590db41ca3d4a7\/2x-Sava-ALL-WEATHER-195-50R15-82H 459w,https:\/\/a.allegroimg.com\/original\/11b608\/23a4303d4d2498590db41ca3d4a7\/2x-Sava-ALL-WEATHER-195-50R15-82H 459w\" sizes=\"(min-width: 1200px) 560px, (min-width: 992px) 50vw, 100vw\" width=\"459px\" alt=\"2x Sava ALL WEATHER 195\/50R15 82H\" style=\"max-width: 100%; height: auto; display: block; margin: 0 auto;\"><\/div>\n<\/div>\n<\/div>\n<\/div>\n<\/div>\n<\/div>\n<div style=\"clear: both; display: block; margin: 10px 0;\">\n<div style=\"clear: both; display: block; margin: 10px 0;\">\n<div style=\"clear: both; display: block; margin: 10px 0;\">\n<div  style=\"max-width:212px;max-height:305px\">\n<div style=\"clear: both; display: block; margin: 10px 0;\">\n<div style=\"clear: both; width: 100%; display: block; margin: 20px 0; padding: 0; float: none; position: static; text-align: center;\"><img decoding=\"async\"  src=\"https:\/\/a.allegroimg.com\/original\/1112dc\/b7a6e4d141cdb0222a56f4ffbe02\/2x-Sava-ALL-WEATHER-195-50R15-82H-Liczba-opon-w-ofercie-2-szt\" srcset=\"https:\/\/a.allegroimg.com\/original\/1112dc\/b7a6e4d141cdb0222a56f4ffbe02\/2x-Sava-ALL-WEATHER-195-50R15-82H-Liczba-opon-w-ofercie-2-szt 212w,https:\/\/a.allegroimg.com\/original\/1112dc\/b7a6e4d141cdb0222a56f4ffbe02\/2x-Sava-ALL-WEATHER-195-50R15-82H-Liczba-opon-w-ofercie-2-szt 212w\" sizes=\"(min-width: 1200px) 560px, (min-width: 992px) 50vw, 100vw\" width=\"212px\" alt=\"2x Sava ALL WEATHER 195\/50R15 82H Liczba opon w ofercie 2 szt.\" style=\"max-width: 100%; height: auto; display: block; margin: 0 auto;\"><\/div>\n<\/div>\n<\/div>\n<\/div>\n<\/div>\n<div style=\"clear: both; display: block; margin: 10px 0;\">\n<div style=\"clear: both; display: block; margin: 10px 0;\">\n<div  style=\"max-width:1181px;max-height:640px\">\n<div style=\"clear: both; display: block; margin: 10px 0;\">\n<div style=\"clear: both; width: 100%; display: block; margin: 20px 0; padding: 0; float: none; position: static; text-align: center;\"><img decoding=\"async\"  src=\"https:\/\/a.allegroimg.com\/original\/112cbb\/7509d44944fab172b465f16f97cd\/2x-Sava-ALL-WEATHER-195-50R15-82H-Rok-produkcji-2025\" srcset=\"https:\/\/a.allegroimg.com\/original\/112cbb\/7509d44944fab172b465f16f97cd\/2x-Sava-ALL-WEATHER-195-50R15-82H-Rok-produkcji-2025 360w,https:\/\/a.allegroimg.com\/original\/112cbb\/7509d44944fab172b465f16f97cd\/2x-Sava-ALL-WEATHER-195-50R15-82H-Rok-produkcji-2025 720w,https:\/\/a.allegroimg.com\/original\/112cbb\/7509d44944fab172b465f16f97cd\/2x-Sava-ALL-WEATHER-195-50R15-82H-Rok-produkcji-2025 1024w,https:\/\/a.allegroimg.com\/original\/112cbb\/7509d44944fab172b465f16f97cd\/2x-Sava-ALL-WEATHER-195-50R15-82H-Rok-produkcji-2025 1181w,https:\/\/a.allegroimg.com\/original\/112cbb\/7509d44944fab172b465f16f97cd\/2x-Sava-ALL-WEATHER-195-50R15-82H-Rok-produkcji-2025 1181w\" sizes=\"(min-width: 1200px) 560px, (min-width: 992px) 50vw, 100vw\" width=\"1181px\" alt=\"2x Sava ALL WEATHER 195\/50R15 82H Rok produkcji 2025\" style=\"max-width: 100%; height: auto; display: block; margin: 0 auto;\"><\/div>\n<\/div>\n<\/div>\n<\/div>\n<\/div>\n<\/div>\n<div style=\"clear: both; display: block; margin: 10px 0;\">\n<div style=\"clear: both; display: block; margin: 10px 0;\">\n<div style=\"clear: both; display: block; margin: 10px 0;\">\n<p style=\"margin: 15px 0; line-height: 1.8; clear: both; display: block; width: 100%; float: none; position: static;\">Sava jest jednym z najwi\u0119kszych i najlepiej prosperuj\u0105cych producent\u00f3w opon w Europie \u015arodkowej i oferuje szeroki asortyment opon do samochod\u00f3w osobowych, SUV-\u00f3w, aut dostawczych oraz ci\u0119\u017car\u00f3wek. Maj\u0105ca swoje korzenie w ma\u0142ej S\u0142owenii firma rozros\u0142a si\u0119 na ca\u0142\u0105 Europ\u0119, a nawet poza ni\u0105. Obecnie firma nale\u017cy do koncernu Goodyear<\/p>\n<p style=\"margin: 15px 0; line-height: 1.8; clear: both; display: block; width: 100%; float: none; position: static;\">Firma ma zak\u0142ady produkcyjne w ca\u0142ej Europie. Wiele opon jest jednak nadal produkowanych w fabryce w S\u0142owenii, nowoczesnym zak\u0142adzie produkcyjnym, specjalizuj\u0105cym si\u0119 w wytwarzaniu wysokowydajnych zimowych i letnich opon klasy do samochod\u00f3w osobowych. Kupuj\u0105c opony Sava, wybiera si\u0119 dobr\u0105 jako\u015b\u0107, kt\u00f3ra wynika z po\u0142\u0105czenia   europejskiego dziedzictwa z nowoczesnymi rozwi\u0105zaniami koncernu   Goodyear<\/p>\n<\/div>\n<\/div>\n<\/div>\n<\/div>\n<\/div>\n<\/div>\n<div style=\"clear: both; display: block; margin: 10px 0;\">\n","protected":false},"excerpt":{"rendered":"<p>2x nowe opony caloroczne SAVA ALL WEATHER 195\/50R15 82H<\/p>\n<p>Cechy produktu<\/p>\n<p>Marka: Sava<\/p>\n<p>Model: ALL WEATHER<\/p>\n<p>Szeroko\u015b\u0107\/profil\/\u015brednica: 195\/50R15<\/p>\n<p>Indeks no\u015bno\u015bci: do 82 (475 kg na opon\u0119)<\/p>\n<p>Indeks pr\u0119dko\u015bci: H (do 210 km\/h)<\/p>\n<p>Sezon: caloroczne<\/p>\n","protected":false},"featured_media":16102,"template":"","meta":{"_uag_custom_page_level_css":""},"product_brand":[514],"product_cat":[416,414,413,412],"product_tag":[],"class_list":{"0":"post-16101","1":"product","2":"type-product","3":"status-publish","4":"has-post-thumbnail","6":"product_brand-sava","7":"product_cat-caloroczne","8":"product_cat-do-samochodow-osobowych-i-suv","9":"product_cat-opony","10":"product_cat-opony-i-felgi","12":"first","13":"instock","14":"shipping-taxable","15":"purchasable","16":"product-type-simple"},"uagb_featured_image_src":{"full":["https:\/\/oponivo.shop\/tire\/wp-content\/uploads\/2026\/01\/allegro-image-16101.jpg",459,800,false],"thumbnail":["https:\/\/oponivo.shop\/tire\/wp-content\/uploads\/2026\/01\/allegro-image-16101-150x150.jpg",150,150,true],"medium":["https:\/\/oponivo.shop\/tire\/wp-content\/uploads\/2026\/01\/allegro-image-16101-172x300.jpg",172,300,true],"medium_large":["https:\/\/oponivo.shop\/tire\/wp-content\/uploads\/2026\/01\/allegro-image-16101.jpg",459,800,false],"large":["https:\/\/oponivo.shop\/tire\/wp-content\/uploads\/2026\/01\/allegro-image-16101.jpg",459,800,false],"1536x1536":["https:\/\/oponivo.shop\/tire\/wp-content\/uploads\/2026\/01\/allegro-image-16101.jpg",459,800,false],"2048x2048":["https:\/\/oponivo.shop\/tire\/wp-content\/uploads\/2026\/01\/allegro-image-16101.jpg",459,800,false],"woocommerce_thumbnail":["https:\/\/oponivo.shop\/tire\/wp-content\/uploads\/2026\/01\/allegro-image-16101-300x300.jpg",300,300,true],"woocommerce_single":["https:\/\/oponivo.shop\/tire\/wp-content\/uploads\/2026\/01\/allegro-image-16101.jpg",459,800,false],"woocommerce_gallery_thumbnail":["https:\/\/oponivo.shop\/tire\/wp-content\/uploads\/2026\/01\/allegro-image-16101-100x100.jpg",100,100,true]},"uagb_author_info":{"display_name":"admin","author_link":"https:\/\/oponivo.shop\/tire\/author\/"},"uagb_comment_info":0,"uagb_excerpt":"2x nowe opony caloroczne SAVA ALL WEATHER 195\/50R15 82H Cechy produktu Marka: Sava Model: ALL WEATHER Szeroko\u015b\u0107\/profil\/\u015brednica: 195\/50R15 Indeks no\u015bno\u015bci: do 82 (475 kg na opon\u0119) Indeks pr\u0119dko\u015bci: H (do 210 km\/h) Sezon: caloroczne","_links":{"self":[{"href":"https:\/\/oponivo.shop\/tire\/wp-json\/wp\/v2\/product\/16101","targetHints":{"allow":["GET"]}}],"collection":[{"href":"https:\/\/oponivo.shop\/tire\/wp-json\/wp\/v2\/product"}],"about":[{"href":"https:\/\/oponivo.shop\/tire\/wp-json\/wp\/v2\/types\/product"}],"wp:featuredmedia":[{"embeddable":true,"href":"https:\/\/oponivo.shop\/tire\/wp-json\/wp\/v2\/media\/16102"}],"wp:attachment":[{"href":"https:\/\/oponivo.shop\/tire\/wp-json\/wp\/v2\/media?parent=16101"}],"wp:term":[{"taxonomy":"product_brand","embeddable":true,"href":"https:\/\/oponivo.shop\/tire\/wp-json\/wp\/v2\/product_brand?post=16101"},{"taxonomy":"product_cat","embeddable":true,"href":"https:\/\/oponivo.shop\/tire\/wp-json\/wp\/v2\/product_cat?post=16101"},{"taxonomy":"product_tag","embeddable":true,"href":"https:\/\/oponivo.shop\/tire\/wp-json\/wp\/v2\/product_tag?post=16101"}],"curies":[{"name":"wp","href":"https:\/\/api.w.org\/{rel}","templated":true}]}}