{"id":16871,"date":"2026-01-17T15:49:08","date_gmt":"2026-01-17T14:49:08","guid":{"rendered":"https:\/\/oponyonline.shop\/xef5\/produkt\/2x-trazano-radial-m-t-sl366-285-75r16-126-123q-por-2024-r\/"},"modified":"2026-01-17T15:49:09","modified_gmt":"2026-01-17T14:49:09","slug":"2x-trazano-radial-m-t-sl366-285-75r16-126-123q-por-2024-r","status":"publish","type":"product","link":"https:\/\/oponivo.shop\/tire\/produkt\/2x-trazano-radial-m-t-sl366-285-75r16-126-123q-por-2024-r\/","title":{"rendered":"2x TRAZANO Radial M\/T SL366 285\/75R16 126\/123Q POR 2024 r"},"content":{"rendered":"<div style=\"font-family: Arial, sans-serif; line-height: 1.6; color: #333; padding: 20px; clear: both; display: block; width: 100%; float: none; position: static; overflow: hidden;\">\n<div style=\"clear: both; display: block; margin: 10px 0;\">\n<div style=\"clear: both; display: block; margin: 10px 0;\">\n<div style=\"clear: both; display: block; margin: 10px 0;\">\n<h1>Rok produkcji: 2024<\/h1>\n<\/div>\n<\/div>\n<\/div>\n<div style=\"clear: both; display: block; margin: 10px 0;\">\n<div style=\"clear: both; display: block; margin: 10px 0;\">\n<div style=\"clear: both; display: block; margin: 10px 0;\">\n<div  style=\"max-width:404px;max-height:600px\">\n<div style=\"clear: both; display: block; margin: 10px 0;\">\n<div style=\"clear: both; width: 100%; display: block; margin: 20px 0; padding: 0; float: none; position: static; text-align: center;\"><img decoding=\"async\"  src=\"https:\/\/a.allegroimg.com\/original\/119009\/a7a26bf74ac4ba2520c4cff5229d\/2x-TRAZANO-Radial-M-T-SL366-285-75R16-126-123Q-POR-2024-r\" srcset=\"https:\/\/a.allegroimg.com\/original\/119009\/a7a26bf74ac4ba2520c4cff5229d\/2x-TRAZANO-Radial-M-T-SL366-285-75R16-126-123Q-POR-2024-r 242w,https:\/\/a.allegroimg.com\/original\/119009\/a7a26bf74ac4ba2520c4cff5229d\/2x-TRAZANO-Radial-M-T-SL366-285-75R16-126-123Q-POR-2024-r 404w,https:\/\/a.allegroimg.com\/original\/119009\/a7a26bf74ac4ba2520c4cff5229d\/2x-TRAZANO-Radial-M-T-SL366-285-75R16-126-123Q-POR-2024-r 404w\" sizes=\"(min-width: 1200px) 560px, (min-width: 992px) 50vw, 100vw\" width=\"404px\" alt=\"2x TRAZANO Radial M\/T SL366 285\/75R16 126\/123Q POR 2024 r\" style=\"max-width: 100%; height: auto; display: block; margin: 0 auto;\"><\/div>\n<\/div>\n<\/div>\n<\/div>\n<\/div>\n<div style=\"clear: both; display: block; margin: 10px 0;\">\n<div style=\"clear: both; display: block; margin: 10px 0;\">\n<h1>TRAZANO Radial M\/T SL366 285\/75R16 126\/123Q POR<\/h1>\n<h2>G13Y6H<\/h2>\n<ul style=\"margin: 15px 0; padding-left: 20px; clear: both; display: block; width: 100%; float: none; position: static;\">\n<li style=\"margin: 5px 0; padding: 2px 0; clear: both; display: list-item; float: none; position: static;\"><b>Data produkcji :<\/b> 2024<\/li>\n<li style=\"margin: 5px 0; padding: 2px 0; clear: both; display: list-item; float: none; position: static;\"><b>Indeks :<\/b> 285\/75R16 LTTZ 126Q SL366<\/li>\n<li style=\"margin: 5px 0; padding: 2px 0; clear: both; display: list-item; float: none; position: static;\"><b>Indeks no\u015bno\u015bci :<\/b> 126\/123<\/li>\n<li style=\"margin: 5px 0; padding: 2px 0; clear: both; display: list-item; float: none; position: static;\"><b>Indeks pr\u0119dko\u015bci :<\/b> Q &#8211; 160 km\/h<\/li>\n<li style=\"margin: 5px 0; padding: 2px 0; clear: both; display: list-item; float: none; position: static;\"><b>Klasa opony :<\/b> bud\u017cet<\/li>\n<li style=\"margin: 5px 0; padding: 2px 0; clear: both; display: list-item; float: none; position: static;\"><b>Kod EAN :<\/b> 6938112611200<\/li>\n<li style=\"margin: 5px 0; padding: 2px 0; clear: both; display: list-item; float: none; position: static;\"><b>Kod producenta :<\/b> 6938112611200<\/li>\n<li style=\"margin: 5px 0; padding: 2px 0; clear: both; display: list-item; float: none; position: static;\"><b>Model bie\u017cnika :<\/b> Radial M\/T SL366<\/li>\n<li style=\"margin: 5px 0; padding: 2px 0; clear: both; display: list-item; float: none; position: static;\"><b>Nazwa produktu :<\/b> TRAZANO Radial M\/T SL366 285\/75R16 126\/123Q POR<\/li>\n<li style=\"margin: 5px 0; padding: 2px 0; clear: both; display: list-item; float: none; position: static;\"><b>opona na dedykowan\u0105 o\u015b :<\/b> Prz\u00f3d\/Ty\u0142<\/li>\n<li style=\"margin: 5px 0; padding: 2px 0; clear: both; display: list-item; float: none; position: static;\"><b>Producent :<\/b> TRAZANO<\/li>\n<li style=\"margin: 5px 0; padding: 2px 0; clear: both; display: list-item; float: none; position: static;\"><b>Profil :<\/b> 75<\/li>\n<li style=\"margin: 5px 0; padding: 2px 0; clear: both; display: list-item; float: none; position: static;\"><b>Przeznaczenie :<\/b> samochody osobowe, SUV\/4&#215;4<\/li>\n<li style=\"margin: 5px 0; padding: 2px 0; clear: both; display: list-item; float: none; position: static;\"><b>Sezon :<\/b> letnia<\/li>\n<li style=\"margin: 5px 0; padding: 2px 0; clear: both; display: list-item; float: none; position: static;\"><b>\u015arednica :<\/b> 16&#8243;<\/li>\n<li style=\"margin: 5px 0; padding: 2px 0; clear: both; display: list-item; float: none; position: static;\"><b>Szeroko\u015b\u0107 :<\/b> 285<\/li>\n<li style=\"margin: 5px 0; padding: 2px 0; clear: both; display: list-item; float: none; position: static;\"><b>zastosowana technologia :<\/b> POR<\/li>\n<\/ul>\n<\/div>\n<\/div>\n<\/div>\n<div style=\"clear: both; display: block; margin: 10px 0;\">\n<div style=\"clear: both; display: block; margin: 10px 0;\">\n<div style=\"clear: both; display: block; margin: 10px 0;\">\n<p style=\"margin: 15px 0; line-height: 1.8; clear: both; display: block; width: 100%; float: none; position: static;\">6938112611200, Radial M\/T SL366, TRAZANO, Letnia, Opona Off Road, POR,<\/p>\n<\/div>\n<\/div>\n<div style=\"clear: both; display: block; margin: 10px 0;\">\n<div style=\"clear: both; display: block; margin: 10px 0;\">\n<div  style=\"max-width:886px;max-height:1299px\">\n<div style=\"clear: both; display: block; margin: 10px 0;\">\n<div style=\"clear: both; width: 100%; display: block; margin: 20px 0; padding: 0; float: none; position: static; text-align: center;\"><img decoding=\"async\"  src=\"https:\/\/a.allegroimg.com\/original\/116ec1\/f0f41b7743739dc06eef17882a6a\/2x-TRAZANO-Radial-M-T-SL366-285-75R16-126-123Q-POR-2024-r-Szerokosc-opony-285-mm\" srcset=\"https:\/\/a.allegroimg.com\/original\/116ec1\/f0f41b7743739dc06eef17882a6a\/2x-TRAZANO-Radial-M-T-SL366-285-75R16-126-123Q-POR-2024-r-Szerokosc-opony-285-mm 245w,https:\/\/a.allegroimg.com\/original\/116ec1\/f0f41b7743739dc06eef17882a6a\/2x-TRAZANO-Radial-M-T-SL366-285-75R16-126-123Q-POR-2024-r-Szerokosc-opony-285-mm 491w,https:\/\/a.allegroimg.com\/original\/116ec1\/f0f41b7743739dc06eef17882a6a\/2x-TRAZANO-Radial-M-T-SL366-285-75R16-126-123Q-POR-2024-r-Szerokosc-opony-285-mm 698w,https:\/\/a.allegroimg.com\/original\/116ec1\/f0f41b7743739dc06eef17882a6a\/2x-TRAZANO-Radial-M-T-SL366-285-75R16-126-123Q-POR-2024-r-Szerokosc-opony-285-mm 886w,https:\/\/a.allegroimg.com\/original\/116ec1\/f0f41b7743739dc06eef17882a6a\/2x-TRAZANO-Radial-M-T-SL366-285-75R16-126-123Q-POR-2024-r-Szerokosc-opony-285-mm 886w\" sizes=\"(min-width: 1200px) 560px, (min-width: 992px) 50vw, 100vw\" width=\"886px\" alt=\"2x TRAZANO Radial M\/T SL366 285\/75R16 126\/123Q POR 2024 r Szeroko\u015b\u0107 opony 285 mm\" style=\"max-width: 100%; height: auto; display: block; margin: 0 auto;\"><\/div>\n<\/div>\n<\/div>\n<\/div>\n<\/div>\n<\/div>\n<div style=\"clear: both; display: block; margin: 10px 0;\">\n<div style=\"clear: both; display: block; margin: 10px 0;\">\n<div style=\"clear: both; display: block; margin: 10px 0;\">\n<p style=\"margin: 15px 0; line-height: 1.8; clear: both; display: block; width: 100%; float: none; position: static;\">Wychodz\u0105c naprzeciw oczekiwaniom Klient\u00f3w i chc\u0105c spe\u0142nia\u0107 jak najwy\u017csze standardy obs\u0142ugi dok\u0142adamy wszelkich stara\u0144, aby podawa\u0107 precyzyjn\u0105 dat\u0119 produkcji opony (DOT). Niestety, w wyj\u0105tkowych przypadkach, mo\u017ce zdarzy\u0107 si\u0119, \u017ce opony, kt\u00f3re wy\u015blemy b\u0119d\u0105 mia\u0142y inn\u0105 dat\u0119 produkcji ni\u017c podana. Sytuacja mo\u017ce dotyczy\u0107 zar\u00f3wno opon z DOT-em wcze\u015bniejszym jak i p\u00f3\u017aniejszym. Chcieliby\u015bmy podkre\u015bli\u0107, \u017ce warunki przechowywania opon w naszych magazynach spe\u0142niaj\u0105 Polsk\u0105 Norm\u0119 PN-C-94300-7 dzi\u0119ki czemu nawet opona przechowywana 24 miesi\u0105ce ma parametry takie same jak opona z bie\u017c\u0105cego roku. Warto pami\u0119ta\u0107 tak\u017ce o fakcie, \u017ce w przypadku wielu rozmiar\u00f3w i producent\u00f3w plany produkcyjne fabryk uniemo\u017cliwiaj\u0105 zakup opony z bie\u017c\u0105cego roku.<\/p>\n<p style=\"margin: 15px 0; line-height: 1.8; clear: both; display: block; width: 100%; float: none; position: static;\">Przy zakupie opon pami\u0119taj o sprawdzeniu w instrukcji samochodu lub na w\u0142a\u015bciwej stronie internetowej, jakie ogumienie zaleca producent Twojego auta. \u0179le dobrane opony mog\u0105 negatywnie wp\u0142yn\u0105\u0107 na poziom Twojego bezpiecze\u0144stwa. Kupuj\u0105c opony zwr\u00f3\u0107 uwag\u0119 na rozmiar oraz indeksy no\u015bno\u015bci i pr\u0119dko\u015bci jakie homologowane s\u0105 do Twojego pojazdu.<\/p>\n<p style=\"margin: 15px 0; line-height: 1.8; clear: both; display: block; width: 100%; float: none; position: static;\">Zamieszczone zdj\u0119cia pe\u0142ni\u0105 funkcj\u0119 pogl\u0105dow\u0105. W zale\u017cno\u015bci od szeroko\u015bci opon, mog\u0105 wyst\u0119powa\u0107 niewielkie r\u00f3\u017cnice w wygl\u0105dzie bie\u017cnika (w obr\u0119bie jednego modelu) na przyk\u0142ad w ilo\u015bci rowk\u00f3w obwodowych lub rozmieszczeniu blok\u00f3w bie\u017cnika, co nie stanowi wady produktu.<\/p>\n<p style=\"margin: 15px 0; line-height: 1.8; clear: both; display: block; width: 100%; float: none; position: static;\">Je\u017celi otrzymane przez Ciebie opony nie spe\u0142niaj\u0105 Twoich oczekiwa\u0144 masz mo\u017cliwo\u015b\u0107 zwrotu lub wymiany nieu\u017cywanego (niemontowanego) ogumienia.<\/p>\n<\/div>\n<\/div>\n<\/div>\n<div style=\"clear: both; display: block; margin: 10px 0;\">\n<div style=\"clear: both; display: block; margin: 10px 0;\">\n<div style=\"clear: both; display: block; margin: 10px 0;\">\n<div  style=\"max-width:598px;max-height:80px\">\n<div style=\"clear: both; display: block; margin: 10px 0;\">\n<div style=\"clear: both; width: 100%; display: block; margin: 20px 0; padding: 0; float: none; position: static; text-align: center;\"><img decoding=\"async\"  src=\"https:\/\/a.allegroimg.com\/original\/11f489\/89bce9a447e78dff09b69c61e352\/2x-TRAZANO-Radial-M-T-SL366-285-75R16-126-123Q-POR-2024-r-Srednica-16\" srcset=\"https:\/\/a.allegroimg.com\/original\/11f489\/89bce9a447e78dff09b69c61e352\/2x-TRAZANO-Radial-M-T-SL366-285-75R16-126-123Q-POR-2024-r-Srednica-16 360w,https:\/\/a.allegroimg.com\/original\/11f489\/89bce9a447e78dff09b69c61e352\/2x-TRAZANO-Radial-M-T-SL366-285-75R16-126-123Q-POR-2024-r-Srednica-16 598w,https:\/\/a.allegroimg.com\/original\/11f489\/89bce9a447e78dff09b69c61e352\/2x-TRAZANO-Radial-M-T-SL366-285-75R16-126-123Q-POR-2024-r-Srednica-16 598w\" sizes=\"(min-width: 1200px) 560px, (min-width: 992px) 50vw, 100vw\" width=\"598px\" alt=\"2x TRAZANO Radial M\/T SL366 285\/75R16 126\/123Q POR 2024 r \u015arednica 16&quot;\" style=\"max-width: 100%; height: auto; display: block; margin: 0 auto;\"><\/div>\n<\/div>\n<\/div>\n<\/div>\n<\/div>\n<div style=\"clear: both; display: block; margin: 10px 0;\">\n<div style=\"clear: both; display: block; margin: 10px 0;\">\n<h1>Trazano<\/h1>\n<p style=\"margin: 15px 0; line-height: 1.8; clear: both; display: block; width: 100%; float: none; position: static;\">Opony marki TRAZANO produkowane s\u0105 przez Chi\u0144skiego producenta opon ZC Rubber.<br \/>\nOpony TRAZANO, charakteryzuj\u0105 si\u0119 dobr\u0105 wytrzyma\u0142o\u015bci\u0105 i parametrami, a do tego mo\u017cna je kupi\u0107 w bardzo przyst\u0119pnej cenie.<\/p>\n<\/div>\n<\/div>\n<\/div>\n<\/div>\n<\/div>\n<\/div>\n<div style=\"clear: both; display: block; margin: 10px 0;\">\n","protected":false},"excerpt":{"rendered":"<p>Rok produkcji: 2024<\/p>\n<p>TRAZANO Radial M\/T SL366 285\/75R16 126\/123Q POR<\/p>\n<p>G13Y6H<\/p>\n<p>Data produkcji : 2024<\/p>\n<p>Indeks : 285\/75R16 LTTZ 126Q SL366<\/p>\n<p>Indeks no\u015bno\u015bci : 126\/123<\/p>\n<p>Indeks pr\u0119dko\u015bci : Q &#8211; 160 km\/h<\/p>\n<p>Klasa opony : bud\u017cet<\/p>\n","protected":false},"featured_media":16872,"template":"","meta":{"_uag_custom_page_level_css":""},"product_brand":[432],"product_cat":[428,418,413,412],"product_tag":[],"class_list":{"0":"post-16871","1":"product","2":"type-product","3":"status-publish","4":"has-post-thumbnail","6":"product_brand-trazano","7":"product_cat-do-samochodow-terenowych-i-4x4","8":"product_cat-letnie","9":"product_cat-opony","10":"product_cat-opony-i-felgi","12":"first","13":"instock","14":"shipping-taxable","15":"purchasable","16":"product-type-simple"},"uagb_featured_image_src":{"full":["https:\/\/oponivo.shop\/tire\/wp-content\/uploads\/2026\/01\/allegro-image-16871.jpg",404,600,false],"thumbnail":["https:\/\/oponivo.shop\/tire\/wp-content\/uploads\/2026\/01\/allegro-image-16871-150x150.jpg",150,150,true],"medium":["https:\/\/oponivo.shop\/tire\/wp-content\/uploads\/2026\/01\/allegro-image-16871-202x300.jpg",202,300,true],"medium_large":["https:\/\/oponivo.shop\/tire\/wp-content\/uploads\/2026\/01\/allegro-image-16871.jpg",404,600,false],"large":["https:\/\/oponivo.shop\/tire\/wp-content\/uploads\/2026\/01\/allegro-image-16871.jpg",404,600,false],"1536x1536":["https:\/\/oponivo.shop\/tire\/wp-content\/uploads\/2026\/01\/allegro-image-16871.jpg",404,600,false],"2048x2048":["https:\/\/oponivo.shop\/tire\/wp-content\/uploads\/2026\/01\/allegro-image-16871.jpg",404,600,false],"woocommerce_thumbnail":["https:\/\/oponivo.shop\/tire\/wp-content\/uploads\/2026\/01\/allegro-image-16871-300x300.jpg",300,300,true],"woocommerce_single":["https:\/\/oponivo.shop\/tire\/wp-content\/uploads\/2026\/01\/allegro-image-16871.jpg",404,600,false],"woocommerce_gallery_thumbnail":["https:\/\/oponivo.shop\/tire\/wp-content\/uploads\/2026\/01\/allegro-image-16871-100x100.jpg",100,100,true]},"uagb_author_info":{"display_name":"admin","author_link":"https:\/\/oponivo.shop\/tire\/author\/"},"uagb_comment_info":0,"uagb_excerpt":"Rok produkcji: 2024 TRAZANO Radial M\/T SL366 285\/75R16 126\/123Q POR G13Y6H Data produkcji : 2024 Indeks : 285\/75R16 LTTZ 126Q SL366 Indeks no\u015bno\u015bci : 126\/123 Indeks pr\u0119dko\u015bci : Q - 160 km\/h Klasa opony : bud\u017cet","_links":{"self":[{"href":"https:\/\/oponivo.shop\/tire\/wp-json\/wp\/v2\/product\/16871","targetHints":{"allow":["GET"]}}],"collection":[{"href":"https:\/\/oponivo.shop\/tire\/wp-json\/wp\/v2\/product"}],"about":[{"href":"https:\/\/oponivo.shop\/tire\/wp-json\/wp\/v2\/types\/product"}],"wp:featuredmedia":[{"embeddable":true,"href":"https:\/\/oponivo.shop\/tire\/wp-json\/wp\/v2\/media\/16872"}],"wp:attachment":[{"href":"https:\/\/oponivo.shop\/tire\/wp-json\/wp\/v2\/media?parent=16871"}],"wp:term":[{"taxonomy":"product_brand","embeddable":true,"href":"https:\/\/oponivo.shop\/tire\/wp-json\/wp\/v2\/product_brand?post=16871"},{"taxonomy":"product_cat","embeddable":true,"href":"https:\/\/oponivo.shop\/tire\/wp-json\/wp\/v2\/product_cat?post=16871"},{"taxonomy":"product_tag","embeddable":true,"href":"https:\/\/oponivo.shop\/tire\/wp-json\/wp\/v2\/product_tag?post=16871"}],"curies":[{"name":"wp","href":"https:\/\/api.w.org\/{rel}","templated":true}]}}