{"id":17330,"date":"2026-01-17T21:47:38","date_gmt":"2026-01-17T20:47:38","guid":{"rendered":"https:\/\/oponyonline.shop\/xef5\/produkt\/2x-235-40r19-hankook-ventus-s1-evo3-k127-96-w\/"},"modified":"2026-01-17T21:47:38","modified_gmt":"2026-01-17T20:47:38","slug":"2x-235-40r19-hankook-ventus-s1-evo3-k127-96-w","status":"publish","type":"product","link":"https:\/\/oponaro.shop\/tire\/produkt\/2x-235-40r19-hankook-ventus-s1-evo3-k127-96-w\/","title":{"rendered":"2x 235\/40R19 HANKOOK VENTUS S1 EVO3 K127 96 W"},"content":{"rendered":"<div style=\"font-family: Arial, sans-serif; line-height: 1.6; color: #333; padding: 20px; clear: both; display: block; width: 100%; float: none; position: static; overflow: hidden;\">\n<div style=\"clear: both; display: block; margin: 10px 0;\">\n<div style=\"clear: both; display: block; margin: 10px 0;\">\n<div style=\"clear: both; display: block; margin: 10px 0;\">\n<h2>Opona letnia Hankook Ventus S1 evo3 K127 235\/40R19 96 W rant ochronny, wzmocnienie (XL)<\/h2>\n<p style=\"margin: 15px 0; line-height: 1.8; clear: both; display: block; width: 100%; float: none; position: static;\">Opona letnia Hankook Ventus S1 evo3 K127 235\/40R19 96 W<\/p>\n<p style=\"margin: 15px 0; line-height: 1.8; clear: both; display: block; width: 100%; float: none; position: static;\">Cechy produktu:<\/p>\n<ul style=\"margin: 15px 0; padding-left: 20px; clear: both; display: block; width: 100%; float: none; position: static;\">\n<li style=\"margin: 5px 0; padding: 2px 0; clear: both; display: list-item; float: none; position: static;\">sezon: letnie<\/li>\n<li style=\"margin: 5px 0; padding: 2px 0; clear: both; display: list-item; float: none; position: static;\">szeroko\u015b\u0107\/profil\/\u015brednica: 235\/40R19<\/li>\n<li style=\"margin: 5px 0; padding: 2px 0; clear: both; display: list-item; float: none; position: static;\">indeks no\u015bno\u015bci: 96 &#8211; 710 kg<\/li>\n<li style=\"margin: 5px 0; padding: 2px 0; clear: both; display: list-item; float: none; position: static;\">indeks pr\u0119dko\u015bci: W do 270 km\/h<\/li>\n<li style=\"margin: 5px 0; padding: 2px 0; clear: both; display: list-item; float: none; position: static;\">rant ochronny<\/li>\n<li style=\"margin: 5px 0; padding: 2px 0; clear: both; display: list-item; float: none; position: static;\">wzmocnienie (XL)<\/li>\n<\/ul>\n<\/div>\n<\/div>\n<div style=\"clear: both; display: block; margin: 10px 0;\">\n<div style=\"clear: both; display: block; margin: 10px 0;\">\n<div  style=\"max-width:500px;max-height:568px\">\n<div style=\"clear: both; display: block; margin: 10px 0;\">\n<div style=\"clear: both; width: 100%; display: block; margin: 20px 0; padding: 0; float: none; position: static; text-align: center;\"><img decoding=\"async\"  src=\"https:\/\/a.allegroimg.com\/original\/003699\/ebf0f17b47ba867f041a457847c1\/2x-235-40R19-HANKOOK-VENTUS-S1-EVO3-K127-96-W\" srcset=\"https:\/\/a.allegroimg.com\/original\/003699\/ebf0f17b47ba867f041a457847c1\/2x-235-40R19-HANKOOK-VENTUS-S1-EVO3-K127-96-W 316w,https:\/\/a.allegroimg.com\/original\/003699\/ebf0f17b47ba867f041a457847c1\/2x-235-40R19-HANKOOK-VENTUS-S1-EVO3-K127-96-W 500w,https:\/\/a.allegroimg.com\/original\/003699\/ebf0f17b47ba867f041a457847c1\/2x-235-40R19-HANKOOK-VENTUS-S1-EVO3-K127-96-W 500w\" sizes=\"(min-width: 1200px) 560px, (min-width: 992px) 50vw, 100vw\" width=\"500px\" alt=\"2x 235\/40R19 HANKOOK VENTUS S1 EVO3 K127 96 W\" style=\"max-width: 100%; height: auto; display: block; margin: 0 auto;\"><\/div>\n<\/div>\n<\/div>\n<\/div>\n<\/div>\n<\/div>\n<div style=\"clear: both; display: block; margin: 10px 0;\">\n<div style=\"clear: both; display: block; margin: 10px 0;\">\n<div style=\"clear: both; display: block; margin: 10px 0;\">\n<h3 style=\"color: #2c5aa0; font-size: 18px; margin: 30px 0 15px 0; font-weight: bold; clear: both; display: block; width: 100%; float: none; position: static;\">Informacje dodatkowe:<\/h3>\n<ul style=\"margin: 15px 0; padding-left: 20px; clear: both; display: block; width: 100%; float: none; position: static;\">\n<li style=\"margin: 5px 0; padding: 2px 0; clear: both; display: list-item; float: none; position: static;\">rok produkcji: 2024 <\/li>\n<li style=\"margin: 5px 0; padding: 2px 0; clear: both; display: list-item; float: none; position: static;\">stan: fabrycznie nowe <\/li>\n<\/ul>\n<\/div>\n<\/div>\n<\/div>\n<div style=\"clear: both; display: block; margin: 10px 0;\">\n<div style=\"clear: both; display: block; margin: 10px 0;\">\n<div style=\"clear: both; display: block; margin: 10px 0;\">\n<p style=\"margin: 15px 0; line-height: 1.8; clear: both; display: block; width: 100%; float: none; position: static;\">Przeznaczenie<\/p>\n<p style=\"margin: 15px 0; line-height: 1.8; clear: both; display: block; width: 100%; float: none; position: static;\">Hankook Ventus S1 Evo3 K127 to opony letnie, przeznaczone do samochod\u00f3w osobowych oraz SUV-\u00f3w. Opony te zaliczane s\u0105 do klasy premium. Opony Hankook Ventus S1 Evo3 K127 zosta\u0142y zaprojektowane z my\u015bl\u0105 o samochodach z mocnymi silnikami. Producent poleca je posiadaczom SUV-\u00f3w, du\u017cych sedan\u00f3w i kombi, aut sportowych i usportowionych.<\/p>\n<p style=\"margin: 15px 0; line-height: 1.8; clear: both; display: block; width: 100%; float: none; position: static;\">Technologia<\/p>\n<p style=\"margin: 15px 0; line-height: 1.8; clear: both; display: block; width: 100%; float: none; position: static;\">Opony letnie Hankook Ventus S1 Evo3 K127 wykonane zosta\u0142y z nowatorskiej mieszanki gumowej, z wykorzystaniem krzemionki, specjalnych dodatk\u00f3w oraz sk\u0142adnik\u00f3w naturalnych. Producent po\u0142o\u017cy\u0142 nacisk na przyczepno\u015b\u0107 (na mokrej i suchej nawierzchni), a tak\u017ce na ograniczenie opor\u00f3w toczenia (celem zmniejszenia zu\u017cycia paliwa). Producent opon Hankook Ventus S1 Evo3 K127 podkre\u015bla tak\u017ce ich wysok\u0105 odporno\u015b\u0107 na wysokie temperatury oraz zapewnienie kr\u00f3tszej drogi hamowania ni\u017c w przypadku poprzednich modeli opon. Przy produkcji opon wykorzystano r\u00f3wnie\u017c bardzo mocne w\u0142\u00f3kna aramidowe, mi\u0119dzy innymi w celu zapobiegania deformacjom bie\u017cnika w trakcie jazdy.<\/p>\n<p style=\"margin: 15px 0; line-height: 1.8; clear: both; display: block; width: 100%; float: none; position: static;\">Bie\u017cnik<\/p>\n<p style=\"margin: 15px 0; line-height: 1.8; clear: both; display: block; width: 100%; float: none; position: static;\">Bie\u017cnik opon letnich Hankook Ventus S1 Evo3 K127 jest asymetryczny i kierunkowy. Po stronie zewn\u0119trznej bie\u017cnik wykorzystuje samoblokuj\u0105ce si\u0119 rowki. Po stronie wewn\u0119trznej znajduj\u0105 si\u0119 bloki, a po\u015brodku opony cztery g\u0142\u0119bokie rowki do odprowadzania wody. \u015aciany boczne opon zosta\u0142y dodatkowo wzmocnione specjalnymi strukturami w kszta\u0142cie kraty.<\/p>\n<p style=\"margin: 15px 0; line-height: 1.8; clear: both; display: block; width: 100%; float: none; position: static;\">Producent<\/p>\n<p style=\"margin: 15px 0; line-height: 1.8; clear: both; display: block; width: 100%; float: none; position: static;\">Hankook Tire Manufacturing to jeden z najwi\u0119kszych \u015bwiatowych producent\u00f3w ogumienia samochodowego, maj\u0105cy swoj\u0105 g\u0142\u00f3wn\u0105 siedzib\u0119 w Korei Po\u0142udniowej. Firma dzia\u0142a od 1941 roku. Obecnie znajduje si\u0119 w pierwszej dziesi\u0105tce najwi\u0119kszych producent\u00f3w opon, posiada 8 zak\u0142ad\u00f3w produkcyjnych, a swoje wyroby sprzedaje do niemal\u017ce wszystkich kraj\u00f3w \u015bwiata. Hankook dostarcza opony na pierwszy monta\u017c dla wielu uznanych producent\u00f3w aut, mi\u0119dzy innymi dla Hyundaia-Kii, Toyoty i Volvo.<\/p>\n<\/div>\n<\/div>\n<\/div>\n<div style=\"clear: both; display: block; margin: 10px 0;\">\n<div style=\"clear: both; display: block; margin: 10px 0;\">\n<div style=\"clear: both; display: block; margin: 10px 0;\">\n<div  style=\"max-width:500px;max-height:568px\">\n<div style=\"clear: both; display: block; margin: 10px 0;\">\n<div style=\"clear: both; width: 100%; display: block; margin: 20px 0; padding: 0; float: none; position: static; text-align: center;\"><img decoding=\"async\"  src=\"https:\/\/a.allegroimg.com\/original\/003699\/ebf0f17b47ba867f041a457847c1\/2x-235-40R19-HANKOOK-VENTUS-S1-EVO3-K127-96-W\" srcset=\"https:\/\/a.allegroimg.com\/original\/003699\/ebf0f17b47ba867f041a457847c1\/2x-235-40R19-HANKOOK-VENTUS-S1-EVO3-K127-96-W 316w,https:\/\/a.allegroimg.com\/original\/003699\/ebf0f17b47ba867f041a457847c1\/2x-235-40R19-HANKOOK-VENTUS-S1-EVO3-K127-96-W 500w,https:\/\/a.allegroimg.com\/original\/003699\/ebf0f17b47ba867f041a457847c1\/2x-235-40R19-HANKOOK-VENTUS-S1-EVO3-K127-96-W 500w\" sizes=\"100vw\" width=\"500px\" alt=\"2x 235\/40R19 HANKOOK VENTUS S1 EVO3 K127 96 W\" style=\"max-width: 100%; height: auto; display: block; margin: 0 auto;\"><\/div>\n<\/div>\n<\/div>\n<\/div>\n<\/div>\n<\/div>\n<\/div>\n<\/div>\n<\/div>\n<div style=\"clear: both; display: block; margin: 10px 0;\">\n","protected":false},"excerpt":{"rendered":"<p>Opona letnia Hankook Ventus S1 evo3 K127 235\/40R19 96 W rant ochronny, wzmocnienie (XL)<\/p>\n<p>Opona letnia Hankook Ventus S1 evo3 K127 235\/40R19 96 W<\/p>\n<p>Cechy produktu:<\/p>\n<p>sezon: letnie<\/p>\n<p>szeroko\u015b\u0107\/profil\/\u015brednica: 235\/40R19<\/p>\n<p>indeks no\u015bno\u015bci: 96 &#8211; 710 kg<\/p>\n<p>indeks pr\u0119dko\u015bci: W do 270 km\/h<\/p>\n<p>rant ochronny<\/p>\n","protected":false},"featured_media":17331,"template":"","meta":{"_uag_custom_page_level_css":""},"product_brand":[411],"product_cat":[414,418,413,412],"product_tag":[],"class_list":{"0":"post-17330","1":"product","2":"type-product","3":"status-publish","4":"has-post-thumbnail","6":"product_brand-hankook","7":"product_cat-do-samochodow-osobowych-i-suv","8":"product_cat-letnie","9":"product_cat-opony","10":"product_cat-opony-i-felgi","12":"first","13":"instock","14":"shipping-taxable","15":"purchasable","16":"product-type-simple"},"uagb_featured_image_src":{"full":["https:\/\/oponaro.shop\/tire\/wp-content\/uploads\/2026\/01\/allegro-image-17330.jpg",500,568,false],"thumbnail":["https:\/\/oponaro.shop\/tire\/wp-content\/uploads\/2026\/01\/allegro-image-17330-150x150.jpg",150,150,true],"medium":["https:\/\/oponaro.shop\/tire\/wp-content\/uploads\/2026\/01\/allegro-image-17330-264x300.jpg",264,300,true],"medium_large":["https:\/\/oponaro.shop\/tire\/wp-content\/uploads\/2026\/01\/allegro-image-17330.jpg",500,568,false],"large":["https:\/\/oponaro.shop\/tire\/wp-content\/uploads\/2026\/01\/allegro-image-17330.jpg",500,568,false],"1536x1536":["https:\/\/oponaro.shop\/tire\/wp-content\/uploads\/2026\/01\/allegro-image-17330.jpg",500,568,false],"2048x2048":["https:\/\/oponaro.shop\/tire\/wp-content\/uploads\/2026\/01\/allegro-image-17330.jpg",500,568,false],"woocommerce_thumbnail":["https:\/\/oponaro.shop\/tire\/wp-content\/uploads\/2026\/01\/allegro-image-17330-300x300.jpg",300,300,true],"woocommerce_single":["https:\/\/oponaro.shop\/tire\/wp-content\/uploads\/2026\/01\/allegro-image-17330.jpg",500,568,false],"woocommerce_gallery_thumbnail":["https:\/\/oponaro.shop\/tire\/wp-content\/uploads\/2026\/01\/allegro-image-17330-100x100.jpg",100,100,true]},"uagb_author_info":{"display_name":"admin","author_link":"https:\/\/oponaro.shop\/tire\/author\/"},"uagb_comment_info":0,"uagb_excerpt":"Opona letnia Hankook Ventus S1 evo3 K127 235\/40R19 96 W rant ochronny, wzmocnienie (XL) Opona letnia Hankook Ventus S1 evo3 K127 235\/40R19 96 W Cechy produktu: sezon: letnie szeroko\u015b\u0107\/profil\/\u015brednica: 235\/40R19 indeks no\u015bno\u015bci: 96 - 710 kg indeks pr\u0119dko\u015bci: W do 270 km\/h rant ochronny","_links":{"self":[{"href":"https:\/\/oponaro.shop\/tire\/wp-json\/wp\/v2\/product\/17330","targetHints":{"allow":["GET"]}}],"collection":[{"href":"https:\/\/oponaro.shop\/tire\/wp-json\/wp\/v2\/product"}],"about":[{"href":"https:\/\/oponaro.shop\/tire\/wp-json\/wp\/v2\/types\/product"}],"wp:featuredmedia":[{"embeddable":true,"href":"https:\/\/oponaro.shop\/tire\/wp-json\/wp\/v2\/media\/17331"}],"wp:attachment":[{"href":"https:\/\/oponaro.shop\/tire\/wp-json\/wp\/v2\/media?parent=17330"}],"wp:term":[{"taxonomy":"product_brand","embeddable":true,"href":"https:\/\/oponaro.shop\/tire\/wp-json\/wp\/v2\/product_brand?post=17330"},{"taxonomy":"product_cat","embeddable":true,"href":"https:\/\/oponaro.shop\/tire\/wp-json\/wp\/v2\/product_cat?post=17330"},{"taxonomy":"product_tag","embeddable":true,"href":"https:\/\/oponaro.shop\/tire\/wp-json\/wp\/v2\/product_tag?post=17330"}],"curies":[{"name":"wp","href":"https:\/\/api.w.org\/{rel}","templated":true}]}}